(-1). Suppose b + m*b = 28. What is the units digit of b?
7
Suppose -28*h + 1 = -29*h. Let k(i) = -101*i - 2. What is the tens digit of k(h)?
9
Suppose 0 = 13*o - 8*o - 50. What is the tens digit of o/5*(-62)/(-4)?
3
Suppose 0 = -5*r + 4*y + 504, -3*y = 2 - 14. Let t = 66 - 63. Suppose -p - t*p = -r. What is the units digit of p?
6
Let l be 21/(-7) - (-2 - 0). Let j = 1 + l. Suppose 3*t + 3*y - 58 = 32, j = 2*y + 8. What is the tens digit of t?
3
Let g(z) = 58*z**3 + 2*z**2 + z - 12. What is the hundreds digit of g(2)?
4
Let g(p) = 7*p**2 + p + 1. Let r be g(-1). Let b(j) = -6*j - 5. Let f(w) = 2. Let m(y) = -b(y) - 5*f(y). What is the tens digit of m(r)?
3
Let i(s) = -s**2 - s + 117. Let n be i(0). Let t = n + -29. Suppose -4*m + 4*d + t = 0, m + m - 49 = 3*d. What is the tens digit of m?
1
Let n be (-2)/(-3)*(-3)/(-2)*1. What is the tens digit of (1/(-3))/(n/(-342))?
1
Suppose 12*d + 20610 = 30*d. What is the thousands digit of d?
1
Suppose 0 = i - 5*i + c - 19, 5*c + 49 = -4*i. What is the tens digit of 6/2*i*-3?
5
Let y = 81 + -78. Suppose 3*d = 5*s - 277 - 111, 4*d = -y*s + 256. What is the units digit of s?
0
Let d = 6858 - 3166. What is the tens digit of d?
9
What is the hundreds digit of 160/128 - (-2462)/8?
3
Suppose 0*m + 1200 = 2*m. Suppose 10*r = m + 430. What is the tens digit of r?
0
Let g = -19 - -17. Let o = 0 - g. What is the tens digit of (o - 4)*(0 - 12)?
2
Suppose 0 = -5*l + 193 - 53. Suppose 0 = 8*o - 7*o - 123. Suppose o = 5*k + l. What is the units digit of k?
9
Suppose -15*u + 12*u = -3585. Suppose 16*y - 2245 - u = 0. What is the units digit of y?
5
Let p = 886 - 158. What is the hundreds digit of p?
7
Let i = -55 - -58. Suppose f - 88 = i*v, -4*f + v + 339 = 2*v. What is the tens digit of f?
8
Let h be ((141*-1)/3)/1. Let i = -2 - h. Let x = i + -15. What is the units digit of x?
0
Suppose 12*m + 1499 - 5675 = 0. Suppose -2*p + 5*c = -p - 92, -3*p - 3*c = -m. What is the units digit of p?
2
Let y(b) = b**2 - 6*b + 9. Let l be y(11). Suppose 48 + 19 = 4*m - w, 4*m = 4*w + l. Let j = 1 + m. What is the tens digit of j?
1
Let v(x) = -2*x**2 + 6*x + 9. Let y(l) = -l**2 + 1. Let d(f) = v(f) - 3*y(f). Let j be d(-6). What is the units digit of (3 - j) + 27/3?
6
Suppose 0 = -5*c - 0*c + 1880. What is the units digit of c?
6
Let f = -3 + 15. Let y be ((-18)/f)/((-2)/4). Suppose -y*q + 38 = -4. What is the tens digit of q?
1
Let f(s) = 4*s + 16 - s**2 + 1 - 22*s. What is the tens digit of f(-18)?
1
Suppose 12 = 10*j - 9*j. Suppose j*f = 7*f + 270. What is the units digit of f?
4
Suppose 0 = -3*b - 3*q + 70 + 143, -3*b + 212 = 4*q. What is the tens digit of b?
7
Let v be 1/(12/(-15) - -1). Suppose -v*l = -10*l + 65. Let x(b) = b**3 - 12*b**2 - 9*b - 16. What is the tens digit of x(l)?
3
Suppose -3*f + 379 = y - 673, 0 = -y - 4*f + 1052. What is the units digit of y?
2
Let z(a) be the first derivative of -a**2 - 3. Let o be z(5). Let b = 18 + o. What is the units digit of b?
8
Let f be (-2 + 60/16)/((-2)/(-8)). Suppose y + 1062 = f*y. What is the tens digit of y?
7
Suppose -4*k - 408 = 956. Let l = -240 - k. What is the units digit of l?
1
Suppose 9*x = 5*r + 4*x - 50, r = -2*x + 7. Let g(m) = m**2 - 6*m + 3. What is the units digit of g(r)?
0
Let q = 133 + 9. Let t = -44 + q. What is the units digit of t?
8
Let k = 2 + 0. Let u be k/(-4)*(1 - 1). Suppose -4*j + a + 68 = u, j + 0*j - 24 = 2*a. What is the tens digit of j?
1
Suppose 24*o - 10275 = -o. What is the units digit of o?
1
Suppose 0 = -g - 72 + 285. Let a = g - -251. Suppose 2*t + 6*t - a = 0. What is the tens digit of t?
5
Let g(u) = 5*u**3 + 7*u**2 - 18*u - 21. Let b(m) = -14*m**3 - 22*m**2 + 53*m + 62. Let c(d) = 4*b(d) + 11*g(d). What is the hundreds digit of c(-13)?
1
Let o(b) = -668*b - 413. What is the tens digit of o(-7)?
6
Suppose 16800 = 16*q - 4320. What is the thousands digit of q?
1
Suppose -4*s - f + 1862 = 0, -s + 6*s + 2*f - 2326 = 0. What is the tens digit of s?
6
Let i(h) = -h**2 - 13*h + 13. Let d(j) = -3*j + 22. Let m be d(11). What is the units digit of i(m)?
5
Let i = 1805 + -1699. What is the units digit of i?
6
Suppose -4*n = -0 + 4. Let c be (24/(-3)*146)/n. What is the tens digit of 6/21 - c/(-28)?
4
Suppose 5*p - 3*k = 4767, -p = 2*p - 3*k - 2859. Suppose 0*r = 4*r + z - 939, -4*r + 2*z = -p. What is the tens digit of r?
3
Let b = -17 + 20. Let q(s) = -b*s + 7*s - 4 - 11. What is the units digit of q(5)?
5
Suppose -7*a = -8650 + 621. What is the thousands digit of a?
1
Suppose 2*y + 8358 = 107*z - 104*z, 2779 = z - 3*y. What is the tens digit of z?
8
Let x(w) = -6*w - 4. Let b(q) = q. Let c(h) = 8*b(h) + x(h). Let f be c(3). Suppose 3*k = -2*n - 4, -3*n + 7*n = -3*k - f. What is the units digit of n?
1
Let u(h) = -4*h**3 - h**2. Let o be u(-1). Let f(a) = -3*a**3 - a**2 + 0*a + a - 2*a**3 + 0*a**3 + o. What is the units digit of f(-2)?
7
What is the units digit of -2 + (7 - 1) + 212?
6
Let f be 1 + 4*5/10. What is the tens digit of 57 + (4 + -3)*f?
6
Suppose -147 = -4*o + 73. Suppose h - 89 = o. What is the units digit of h?
4
Suppose u + 4*b - 44 = 0, b + 0 = 1. Suppose 61 = t - u. What is the tens digit of t?
0
Suppose g - 6*g = -10. Suppose 2*s - 880 = -g*s. What is the tens digit of s?
2
Suppose 0*c - 5*c + 15 = 0. Let o be 37*c + 0 + -3. What is the tens digit of (2/(-4))/((-3)/o)?
1
Let u = 3587 - 2524. What is the units digit of u?
3
Suppose -3*x = -3*w - 2661, 5*x - 5380 + 955 = -5*w. What is the tens digit of x?
8
Suppose -o + 2*h + 2*h = -14, -o + 5*h + 13 = 0. Let n be o*3/6 + -3. What is the units digit of (3 - 6)/(-3)*n?
6
Suppose f = 32 + 8. Suppose 10*u - 14*u = f. What is the units digit of 2376/45 - 2/u?
3
Suppose -5*u + 4975 = -3*y, 3953 = 7*u - 3*u + 3*y. What is the tens digit of u?
9
Let l = 8 + -8. Suppose l = 4*g - g - 441. What is the tens digit of 8/(-3)*g/(-28)?
1
Let g(k) = -64*k**3 + 4*k**2 + 12*k + 15. What is the thousands digit of g(-3)?
1
What is the thousands digit of 1 - -1271 - (-57)/(-19)?
1
Let x = 1023 - 132. What is the units digit of x?
1
Let g = -100 - -106. What is the tens digit of (-6)/(-3) + 277 + g?
8
Let q = 21 + -18. Let g(s) = 2*s - 2*s**3 - 9 + q*s**3 + 7*s**2 + 0*s - 2*s**3. What is the tens digit of g(6)?
3
Let g(i) = 3*i**2 + 17*i + 108. What is the units digit of g(-9)?
8
Suppose -4 = -4*l - 0. Suppose -l = -i - 9. Let y(o) = o**2 + 8*o + 11. What is the units digit of y(i)?
1
Let t = -4851 - -6896. What is the units digit of t?
5
Suppose 0 = -5*v + 2 + 13. Suppose -346 = -2*o + v*k, -13*k = -2*o - 8*k + 354. What is the hundreds digit of o?
1
Let t be 36/96 - (-1914)/16. Suppose i = -2*s + 2*i + 49, -5*s + t = -2*i. What is the tens digit of s?
2
Suppose -5*c - 7 = -6*c - l, -10 = -2*l. Let a(p) = c*p**2 - p + 0*p**2 + 3 + 3*p - 3*p**3 - p**2. What is the units digit of a(-2)?
7
Suppose 1623*r - 1616*r - 1253 = 0. What is the units digit of r?
9
Let l = 296 + 319. What is the units digit of l?
5
Suppose -4*y + 64 = 12. Suppose 1 = -i + 3*b, -4*i + b - 6*b + y = 0. Suppose 4*p = i*p + 72. What is the units digit of p?
6
Let i(y) = -7*y + 44. What is the units digit of i(-27)?
3
Suppose g - 125 = -4*g. Suppose 2*w = 5*x + g, 4*w + x - 3*x - 26 = 0. What is the units digit of w?
5
Let g(u) = -879*u + 43. What is the thousands digit of g(-3)?
2
Suppose 4*h - 2*b - 21528 = 0, -14*b + 26923 = 5*h - 10*b. What is the thousands digit of h?
5
Let u(x) = -3*x + 34. Let d be u(10). Suppose -4*w + 6*h + 4 = 2*h, -h = -5. What is the units digit of (d/w)/((-2)/(-3))?
1
Suppose 0 = f + 172 - 183. Suppose 10*p = f*p - 218. What is the units digit of p?
8
Suppose -2*w + 4*w = 2*k + 6, -3*w = 5*k - 9. What is the units digit of (-156)/(k + (-1)/1)?
6
Let m(b) = b**3 - 14*b**2 + 7*b - 12. What is the tens digit of m(15)?
1
Suppose 4*x + 139 = 155. Suppose -k - 4*t - 5 = -4, -5*t = -4*k + 17. Suppose c + 2*c = -k*d + 129, -c = -x. What is the tens digit of d?
3
Suppose 5*g + 2*s - 3*s = -25, -g = 4*s + 26. Suppose -32 = 5*u - 3*x, 3*u + 24 = -3*x + 6*x. What is the tens digit of (u/g)/((-2)/(-57))?
1
Let n(h) = 2*h - 11. Let v be n(3). Let i = v - -23. What is the tens digit of i?
1
Let v(p) = 13*p + 22. Let f(d) = -26*d - 43. Let m(l) = -3*f(l) - 5*v(l). What is the tens digit of m(4)?
7
Let j be (-4)/